the highest common divisor of d and 10?
10
Let z be ((2 - 1) + -3)*-1. Let j be 18 + z + 1 + 0. What is the greatest common factor of j and 3?
3
Suppose b + 15 + 23 = -4*n, -b + 42 = -4*n. Let i(l) = -2*l - 12. Let g be i(n). What is the highest common divisor of g and 32?
8
Let k(u) = 11*u**2 - u - 1. Let q be k(-1). Let d be ((-1)/2)/(4/(-968)). Calculate the greatest common factor of d and q.
11
Let m = -350 + 521. What is the highest common divisor of 19 and m?
19
Suppose 0 = 4*q - 428 + 120. Let t(o) = -o**3 - o**2 + o. Let w be t(-1). Let g be 11 - (1 + w) - 0. What is the highest common factor of q and g?
11
Suppose 2*x = -2 + 6. Suppose 13 = x*t - 3. Let n be ((-8)/(-5))/(3/90). Calculate the highest common factor of t and n.
8
Let q be 434/21 - 1/(-3). What is the greatest common factor of q and 14?
7
Let m(h) = -13*h + 1. Let z be m(-1). Let n be ((-112)/(-12))/((-2)/(-12)). Calculate the greatest common factor of n and z.
14
Let v = -119 - -204. What is the greatest common factor of 17 and v?
17
Let q = -146 - -99. Let a = 71 + q. Suppose -4*x + 11 = -13. What is the greatest common divisor of a and x?
6
Let v(y) = 48*y**2 + y. Let i be v(1). Let o = -185 + i. Let c = -76 - o. Calculate the greatest common factor of c and 24.
12
Suppose -4*s + 12 = 4, t - 3*s = 104. What is the highest common factor of 20 and t?
10
Let q(c) = c**2 + 4*c + 4. Let k be q(-4). Suppose -k = -2*v + 12. Let g be -28*2/(v/(-9)). What is the highest common divisor of 9 and g?
9
Let a be (-7)/(-14)*(1 + 5). Calculate the greatest common factor of 21 and a.
3
Suppose 3*h + 55 - 142 = 0. Let u(z) = -z - 1. Let o be u(9). Let a = o + h. Calculate the greatest common factor of a and 133.
19
Let q be ((-12)/7)/((-6)/63). What is the highest common divisor of 27 and q?
9
Let b(g) = 208*g**3 + 2*g**2 - g. Let h be b(1). Let u = -109 + h. Let t = 156 - u. What is the highest common divisor of t and 7?
7
Let q(w) = -w**3 - 5*w**2 + 8*w + 4. Let o be q(-6). Let x be (o/10)/(4/(-40)). What is the greatest common divisor of 4 and x?
4
Let f = -2 - -4. Calculate the highest common divisor of 10 and f.
2
Let o(g) = 208*g**2 - g + 1. Let i = -4 + 5. Let v be o(i). Let k = -118 + v. Calculate the greatest common divisor of k and 10.
10
Let i(y) = 4*y**2 - 17*y. Let r be i(7). Calculate the greatest common factor of 7 and r.
7
Let t be (1 + 7)*21/12. Let s = -1 + t. What is the greatest common factor of 91 and s?
13
Let z(s) = 90*s + 1. Let r be z(-1). Let y = -140 - r. Let c = 15 - y. Calculate the greatest common factor of c and 6.
6
Let b be (12 + -4)*(-1 + 3). Calculate the highest common factor of b and 1.
1
Suppose 2*f - 3*x + 8 = 36, 32 = 2*f - 4*x. Calculate the greatest common factor of f and 64.
8
Let v = -79 - -121. Let a = -5 + 7. Suppose -a*n + 3*g = -57, -2*n + 16 = 2*g - 16. What is the greatest common factor of v and n?
21
Suppose -10 = -4*v - v. Suppose b - v*n - 151 = 0, -n + 96 + 61 = b. What is the greatest common factor of b and 62?
31
Let u(o) = -4*o + 0*o - o - o. Let c be u(-1). What is the highest common factor of c and 66?
6
Suppose 3*h + 2*h = -c + 40, 5*c - 284 = -4*h. What is the highest common factor of 40 and c?
20
Suppose 0 = -3*p - 8 - 7, -p - 17 = -3*s. Calculate the greatest common divisor of s and 6.
2
Suppose 8 = -5*r + 33. Suppose -4*t - v = -9, 0 = -r*t + t + v + 15. Let h be 116/t - (-2)/6. Calculate the greatest common factor of 26 and h.
13
Let u(w) = -w**2 + 7*w - 6. Let i be u(7). Let k be (80/6)/((-2)/i). Calculate the greatest common factor of 10 and k.
10
Let v = 7 - 5. Let s be 188/8 - v/(-4). What is the highest common factor of s and 12?
12
Suppose 4*m - 80 - 4 = 0. Suppose 3*q - p - m = 0, 2*p + 55 = 5*q + 7*p. Calculate the greatest common factor of q and 56.
8
Let d(j) = j**3 - 7*j**2 - 24*j + 12. Let z be d(10). Calculate the highest common divisor of z and 8.
8
Let n = 823 - 527. Calculate the greatest common factor of 37 and n.
37
Let w = 71 + -70. What is the greatest common factor of 4 and w?
1
Suppose 3*h - 16 = -2*c, c = -0*h - 4*h + 13. Suppose -r = -13 - c. Calculate the highest common divisor of 6 and r.
6
Suppose 5*s - 136 = -1. Suppose -4*d - 235 = -9*d. Suppose -28 = -b - 2*c, 2*b - d = -c - 6. What is the highest common divisor of b and s?
9
Suppose 13 + 5 = 2*t. What is the highest common factor of t and 72?
9
Let m = 0 - 24. Let q = m + 28. What is the highest common factor of q and 4?
4
Suppose -7*r + 28 = -0*r. Calculate the highest common factor of r and 2.
2
Suppose 48 + 51 = 3*y. Calculate the greatest common factor of y and 3.
3
Let j = 0 + 24. Calculate the greatest common factor of 36 and j.
12
Let s be (-198)/(-63) - 1/7. Suppose 3*y - 4*d = -9*d - 11, 5*y = -4*d - 1. What is the highest common divisor of y and s?
3
Suppose 4*b - 2*f + 68 = 0, -3*b - 2*b + 5*f = 90. Let k = b - -26. Let d be (-4)/10 - (-54)/k. Calculate the greatest common factor of d and 20.
5
Let b(d) = d + 16. Let y be b(8). Calculate the greatest common divisor of 156 and y.
12
Let k = -2 - -7. Suppose -k*o + 195 = 3*v - 8*v, 5*v - 2*o + 186 = 0. Let b be 20/6*v/(-8). Calculate the highest common factor of b and 15.
15
Suppose 8*m + m - 81 = 0. Calculate the greatest common divisor of m and 63.
9
Let z be 16/(1/(-7)*-2). Suppose 2*g + h - 6*h - 1 = 0, 0 = 4*h + 4. Let u be (-6)/(-1) - g/1. What is the highest common divisor of u and z?
8
Let y = 22 + -15. Let f = -73 + 136. Calculate the highest common divisor of f and y.
7
Let x be 0*2/4 - -5. Suppose x*i - 360 = -5*v, -2*v + 0*v + 144 = 4*i. What is the greatest common divisor of v and 9?
9
Let w be (-8 - -7)/(1/502). Let n = w + 736. Calculate the greatest common divisor of n and 26.
26
Let p be 2330/70 + 4/(-14). Calculate the highest common factor of p and 3.
3
Let x(s) be the first derivative of -18*s**2 - 2*s - 1. Let p be x(-2). Calculate the greatest common divisor of p and 10.
10
Suppose 180 = -3*y + 7*y. What is the greatest common factor of y and 15?
15
Let k(x) = 2*x**2 - 4*x + 4. Let h = -12 - -8. Let q be k(h). Let f be 3/9 + (-76)/(-6). Calculate the greatest common divisor of f and q.
13
Let a(h) = h**2 - 23*h + 6. Let j be a(24). What is the greatest common divisor of j and 50?
10
Let s be 1/4 + (-780)/(-80). Calculate the greatest common factor of 80 and s.
10
Suppose 4*j - 134 - 10 = 0. Let u(i) = 53*i**2 + 1. Let h be u(1). What is the greatest common divisor of j and h?
18
Let r = -30 - -51. What is the highest common divisor of 21 and r?
21
Let u be (-460)/23*-1*1/2. What is the highest common divisor of u and 160?
10
Let k = -9 - -23. What is the greatest common divisor of k and 112?
14
Let v(b) be the first derivative of -5*b**4/4 - b**3/3 + b**2 + 3*b + 1. Let g be v(-2). Calculate the greatest common divisor of 5 and g.
5
Let k be 85/4 - -1 - (-35)/(-28). Calculate the highest common factor of 14 and k.
7
Suppose 12 - 3 = t + k, -2*t + 3*k + 23 = 0. Calculate the greatest common divisor of t and 110.
10
Let h be (-4)/(-4) - (-1 + 1). Suppose 0 = 2*i + 13 - 15. Calculate the greatest common divisor of h and i.
1
Suppose 2*h = -2*h + 260. Let r(l) = l**3 - 8*l**2 + 3*l + 2. Let u be r(8). What is the greatest common divisor of u and h?
13
Let i = -3 + 10. Let r(p) = -p**2 + 6*p - 4. Let x be r(5). What is the highest common divisor of x and i?
1
Let s(q) = -8*q**3 + 1. Let o be s(-2). Let b(z) = 27*z**3 - z**2 + z - 1. Let m be b(1). Calculate the highest common divisor of o and m.
13
Let q be (-4 - -1)/((-12)/(-40)). Let o be ((-84)/q)/(1/5). Calculate the highest common divisor of 6 and o.
6
Let g = -12 + 20. Let r be (-159 - -171)*(-3)/(9/(-14)). Calculate the greatest common divisor of g and r.
8
Suppose 0 = d + 2*d + 5*i + 2, 3*d - 1 = -2*i. Calculate the highest common factor of d and 3.
1
Let v(j) = -2*j - 9. Let k be 1 + (-5 - 0 - 0). Let l(s) = s + 8. Let h(y) = k*l(y) - 3*v(y). Let r be h(6). Calculate the highest common divisor of 28 and r.
7
Let b(i) = 2*i - 4. Suppose -f + k = -4*k + 12, -2*k + 9 = f. Let w be b(f). Suppose 51 = w*g + g. What is the highest common divisor of 136 and g?
17
Suppose 0 = 3*u - 4*u. Suppose -4*y - 3*c + 0*c - 135 = u, 0 = -2*y + 5*c - 35. Let t be y/(6*1/(-8)). Calculate the highest common divisor of 16 and